{"id":3452,"date":"2021-05-18T11:22:57","date_gmt":"2021-05-18T09:22:57","guid":{"rendered":"https:\/\/photoclub-sg35.fr\/?page_id=3452"},"modified":"2026-01-28T17:25:34","modified_gmt":"2026-01-28T16:25:34","slug":"le-mot-du-president","status":"publish","type":"page","link":"https:\/\/photoclub-sg35.fr\/?page_id=3452","title":{"rendered":"Le mot du pr\u00e9sident"},"content":{"rendered":"\t\t<div data-elementor-type=\"wp-post\" data-elementor-id=\"3452\" class=\"elementor elementor-3452\">\n\t\t\t\t\t\t<section class=\"elementor-section elementor-top-section elementor-element elementor-element-5668be5 elementor-section-boxed elementor-section-height-default elementor-section-height-default\" data-id=\"5668be5\" data-element_type=\"section\" data-e-type=\"section\">\n\t\t\t\t\t\t<div class=\"elementor-container elementor-column-gap-default\">\n\t\t\t\t\t<div class=\"elementor-column elementor-col-100 elementor-top-column elementor-element elementor-element-1836b9e\" data-id=\"1836b9e\" data-element_type=\"column\" data-e-type=\"column\">\n\t\t\t<div class=\"elementor-widget-wrap elementor-element-populated\">\n\t\t\t\t\t\t<div class=\"elementor-element elementor-element-c89d696 elementor-widget elementor-widget-text-editor\" data-id=\"c89d696\" data-element_type=\"widget\" data-e-type=\"widget\" data-widget_type=\"text-editor.default\">\n\t\t\t\t<div class=\"elementor-widget-container\">\n\t\t\t\t\t\t\t\t\t<p><span style=\"color: #000000;\">L\u2019id\u00e9e de cr\u00e9er un Photo-Club sur les bases de mon exp\u00e9rience de photographe et de mon expertise en formation, couvait depuis un certain temps.<\/span><\/p>\n<p><span style=\"color: #000000;\">La r\u00e9gion de Saint-Gilles \u00e0 l\u2019ouest de Rennes en \u00e9tant d\u00e9pourvue, et gr\u00e2ce \u00e0 un petit noyau de passionn\u00e9s, l\u2019affaire fut conclue !<\/span><\/p>\n<p><span style=\"color: #000000;\">Du novice \u00e0 l\u2019amateur \u00e9clair\u00e9 la libre expression trouve sa place sous l\u2019\u0153il de chacun et nourrit la communaut\u00e9 de nouvelles photos.<\/span><\/p>\n<p><span style=\"color: #000000;\">Th\u00e8mes et exercices deviennent le support de la d\u00e9couverte de difficult\u00e9s techniques ou d\u2019expressions innovantes analys\u00e9es lors de projections en r\u00e9union.<\/span><\/p>\n<p><span style=\"color: #000000;\">En m\u00eame temps des cours th\u00e9oriques et pratiques permettent de revisiter les fondamentaux de la photo et d\u2019aborder le traitement de l\u2019image.<\/span><\/p>\n<p><span style=\"color: #000000;\">Les sorties r\u00e9guli\u00e8res permettent sur le terrain, de faire face aux r\u00e9alit\u00e9s techniques et d\u00e9velopper son sens de l\u2019observation.<\/span><\/p>\n<p><span style=\"color: #000000;\">L\u2019implication et le volontariat, permettent au Photo-Club, une r\u00e9elle dynamique et une progression certaine, que je souhaite sans limite.<\/span><\/p>\n<p><span style=\"color: #000000;\">Michel Aubert<\/span><\/p><p><a href=\"https:\/\/www.michelaubert35.com\/\" target=\"_blank\">www.michelaubert35.com<\/a><\/p>\t\t\t\t\t\t\t\t<\/div>\n\t\t\t\t<\/div>\n\t\t\t\t\t<\/div>\n\t\t<\/div>\n\t\t\t\t\t<\/div>\n\t\t<\/section>\n\t\t\t\t<\/div>\n\t\t","protected":false},"excerpt":{"rendered":"<p>L\u2019id\u00e9e de cr\u00e9er un Photo-Club sur les bases de mon exp\u00e9rience de photographe et de mon expertise en formation, couvait depuis un certain temps. La r\u00e9gion de Saint-Gilles \u00e0 l\u2019ouest de Rennes en \u00e9tant d\u00e9pourvue, et gr\u00e2ce \u00e0 un petit noyau de passionn\u00e9s, l\u2019affaire fut conclue ! Du novice \u00e0 l\u2019amateur \u00e9clair\u00e9 la libre expression&hellip;<\/p>\n","protected":false},"author":5,"featured_media":0,"parent":0,"menu_order":0,"comment_status":"closed","ping_status":"closed","template":"","meta":{"footnotes":""},"class_list":["post-3452","page","type-page","status-publish","hentry"],"yoast_head":"<!-- This site is optimized with the Yoast SEO plugin v27.5 - https:\/\/yoast.com\/product\/yoast-seo-wordpress\/ -->\n<title>Le mot du pr\u00e9sident - Photoclub-SG35<\/title>\n<meta name=\"robots\" content=\"index, follow, max-snippet:-1, max-image-preview:large, max-video-preview:-1\" \/>\n<link rel=\"canonical\" href=\"https:\/\/photoclub-saintgilles.fr\/?page_id=3452\" \/>\n<meta property=\"og:locale\" content=\"fr_FR\" \/>\n<meta property=\"og:type\" content=\"article\" \/>\n<meta property=\"og:title\" content=\"Le mot du pr\u00e9sident - Photoclub-SG35\" \/>\n<meta property=\"og:description\" content=\"L\u2019id\u00e9e de cr\u00e9er un Photo-Club sur les bases de mon exp\u00e9rience de photographe et de mon expertise en formation, couvait depuis un certain temps. La r\u00e9gion de Saint-Gilles \u00e0 l\u2019ouest de Rennes en \u00e9tant d\u00e9pourvue, et gr\u00e2ce \u00e0 un petit noyau de passionn\u00e9s, l\u2019affaire fut conclue ! Du novice \u00e0 l\u2019amateur \u00e9clair\u00e9 la libre expression&hellip;\" \/>\n<meta property=\"og:url\" content=\"https:\/\/photoclub-saintgilles.fr\/?page_id=3452\" \/>\n<meta property=\"og:site_name\" content=\"Photoclub-SG35\" \/>\n<meta property=\"article:publisher\" content=\"https:\/\/www.facebook.com\/photoclubsaintgilles\" \/>\n<meta property=\"article:modified_time\" content=\"2026-01-28T16:25:34+00:00\" \/>\n<meta name=\"twitter:card\" content=\"summary_large_image\" \/>\n<meta name=\"twitter:label1\" content=\"Dur\u00e9e de lecture estim\u00e9e\" \/>\n\t<meta name=\"twitter:data1\" content=\"1 minute\" \/>\n<script type=\"application\/ld+json\" class=\"yoast-schema-graph\">{\"@context\":\"https:\\\/\\\/schema.org\",\"@graph\":[{\"@type\":\"WebPage\",\"@id\":\"https:\\\/\\\/photoclub-saintgilles.fr\\\/?page_id=3452\",\"url\":\"https:\\\/\\\/photoclub-saintgilles.fr\\\/?page_id=3452\",\"name\":\"Le mot du pr\u00e9sident - Photoclub-SG35\",\"isPartOf\":{\"@id\":\"https:\\\/\\\/photoclub-saintgilles.fr\\\/#website\"},\"datePublished\":\"2021-05-18T09:22:57+00:00\",\"dateModified\":\"2026-01-28T16:25:34+00:00\",\"breadcrumb\":{\"@id\":\"https:\\\/\\\/photoclub-saintgilles.fr\\\/?page_id=3452#breadcrumb\"},\"inLanguage\":\"fr-FR\",\"potentialAction\":[{\"@type\":\"ReadAction\",\"target\":[\"https:\\\/\\\/photoclub-saintgilles.fr\\\/?page_id=3452\"]}]},{\"@type\":\"BreadcrumbList\",\"@id\":\"https:\\\/\\\/photoclub-saintgilles.fr\\\/?page_id=3452#breadcrumb\",\"itemListElement\":[{\"@type\":\"ListItem\",\"position\":1,\"name\":\"Accueil\",\"item\":\"https:\\\/\\\/photoclub-saintgilles.fr\\\/\"},{\"@type\":\"ListItem\",\"position\":2,\"name\":\"Le mot du pr\u00e9sident\"}]},{\"@type\":\"WebSite\",\"@id\":\"https:\\\/\\\/photoclub-saintgilles.fr\\\/#website\",\"url\":\"https:\\\/\\\/photoclub-saintgilles.fr\\\/\",\"name\":\"Photoclub-SG35\",\"description\":\"Photo club Saint-Gilles - (Rennes)\",\"publisher\":{\"@id\":\"https:\\\/\\\/photoclub-saintgilles.fr\\\/#organization\"},\"potentialAction\":[{\"@type\":\"SearchAction\",\"target\":{\"@type\":\"EntryPoint\",\"urlTemplate\":\"https:\\\/\\\/photoclub-saintgilles.fr\\\/?s={search_term_string}\"},\"query-input\":{\"@type\":\"PropertyValueSpecification\",\"valueRequired\":true,\"valueName\":\"search_term_string\"}}],\"inLanguage\":\"fr-FR\"},{\"@type\":\"Organization\",\"@id\":\"https:\\\/\\\/photoclub-saintgilles.fr\\\/#organization\",\"name\":\"PhotoClub Saint-Gilles\",\"url\":\"https:\\\/\\\/photoclub-saintgilles.fr\\\/\",\"logo\":{\"@type\":\"ImageObject\",\"inLanguage\":\"fr-FR\",\"@id\":\"https:\\\/\\\/photoclub-saintgilles.fr\\\/#\\\/schema\\\/logo\\\/image\\\/\",\"url\":\"https:\\\/\\\/photoclub-sg35.fr\\\/wp-content\\\/uploads\\\/2021\\\/05\\\/logo-300x109-1.jpg\",\"contentUrl\":\"https:\\\/\\\/photoclub-sg35.fr\\\/wp-content\\\/uploads\\\/2021\\\/05\\\/logo-300x109-1.jpg\",\"width\":300,\"height\":86,\"caption\":\"PhotoClub Saint-Gilles\"},\"image\":{\"@id\":\"https:\\\/\\\/photoclub-saintgilles.fr\\\/#\\\/schema\\\/logo\\\/image\\\/\"},\"sameAs\":[\"https:\\\/\\\/www.facebook.com\\\/photoclubsaintgilles\",\"https:\\\/\\\/www.instagram.com\\\/photoclubsaintgilles\\\/\"]}]}<\/script>\n<!-- \/ Yoast SEO plugin. -->","yoast_head_json":{"title":"Le mot du pr\u00e9sident - Photoclub-SG35","robots":{"index":"index","follow":"follow","max-snippet":"max-snippet:-1","max-image-preview":"max-image-preview:large","max-video-preview":"max-video-preview:-1"},"canonical":"https:\/\/photoclub-saintgilles.fr\/?page_id=3452","og_locale":"fr_FR","og_type":"article","og_title":"Le mot du pr\u00e9sident - Photoclub-SG35","og_description":"L\u2019id\u00e9e de cr\u00e9er un Photo-Club sur les bases de mon exp\u00e9rience de photographe et de mon expertise en formation, couvait depuis un certain temps. La r\u00e9gion de Saint-Gilles \u00e0 l\u2019ouest de Rennes en \u00e9tant d\u00e9pourvue, et gr\u00e2ce \u00e0 un petit noyau de passionn\u00e9s, l\u2019affaire fut conclue ! Du novice \u00e0 l\u2019amateur \u00e9clair\u00e9 la libre expression&hellip;","og_url":"https:\/\/photoclub-saintgilles.fr\/?page_id=3452","og_site_name":"Photoclub-SG35","article_publisher":"https:\/\/www.facebook.com\/photoclubsaintgilles","article_modified_time":"2026-01-28T16:25:34+00:00","twitter_card":"summary_large_image","twitter_misc":{"Dur\u00e9e de lecture estim\u00e9e":"1 minute"},"schema":{"@context":"https:\/\/schema.org","@graph":[{"@type":"WebPage","@id":"https:\/\/photoclub-saintgilles.fr\/?page_id=3452","url":"https:\/\/photoclub-saintgilles.fr\/?page_id=3452","name":"Le mot du pr\u00e9sident - Photoclub-SG35","isPartOf":{"@id":"https:\/\/photoclub-saintgilles.fr\/#website"},"datePublished":"2021-05-18T09:22:57+00:00","dateModified":"2026-01-28T16:25:34+00:00","breadcrumb":{"@id":"https:\/\/photoclub-saintgilles.fr\/?page_id=3452#breadcrumb"},"inLanguage":"fr-FR","potentialAction":[{"@type":"ReadAction","target":["https:\/\/photoclub-saintgilles.fr\/?page_id=3452"]}]},{"@type":"BreadcrumbList","@id":"https:\/\/photoclub-saintgilles.fr\/?page_id=3452#breadcrumb","itemListElement":[{"@type":"ListItem","position":1,"name":"Accueil","item":"https:\/\/photoclub-saintgilles.fr\/"},{"@type":"ListItem","position":2,"name":"Le mot du pr\u00e9sident"}]},{"@type":"WebSite","@id":"https:\/\/photoclub-saintgilles.fr\/#website","url":"https:\/\/photoclub-saintgilles.fr\/","name":"Photoclub-SG35","description":"Photo club Saint-Gilles - (Rennes)","publisher":{"@id":"https:\/\/photoclub-saintgilles.fr\/#organization"},"potentialAction":[{"@type":"SearchAction","target":{"@type":"EntryPoint","urlTemplate":"https:\/\/photoclub-saintgilles.fr\/?s={search_term_string}"},"query-input":{"@type":"PropertyValueSpecification","valueRequired":true,"valueName":"search_term_string"}}],"inLanguage":"fr-FR"},{"@type":"Organization","@id":"https:\/\/photoclub-saintgilles.fr\/#organization","name":"PhotoClub Saint-Gilles","url":"https:\/\/photoclub-saintgilles.fr\/","logo":{"@type":"ImageObject","inLanguage":"fr-FR","@id":"https:\/\/photoclub-saintgilles.fr\/#\/schema\/logo\/image\/","url":"https:\/\/photoclub-sg35.fr\/wp-content\/uploads\/2021\/05\/logo-300x109-1.jpg","contentUrl":"https:\/\/photoclub-sg35.fr\/wp-content\/uploads\/2021\/05\/logo-300x109-1.jpg","width":300,"height":86,"caption":"PhotoClub Saint-Gilles"},"image":{"@id":"https:\/\/photoclub-saintgilles.fr\/#\/schema\/logo\/image\/"},"sameAs":["https:\/\/www.facebook.com\/photoclubsaintgilles","https:\/\/www.instagram.com\/photoclubsaintgilles\/"]}]}},"_links":{"self":[{"href":"https:\/\/photoclub-sg35.fr\/index.php?rest_route=\/wp\/v2\/pages\/3452","targetHints":{"allow":["GET"]}}],"collection":[{"href":"https:\/\/photoclub-sg35.fr\/index.php?rest_route=\/wp\/v2\/pages"}],"about":[{"href":"https:\/\/photoclub-sg35.fr\/index.php?rest_route=\/wp\/v2\/types\/page"}],"author":[{"embeddable":true,"href":"https:\/\/photoclub-sg35.fr\/index.php?rest_route=\/wp\/v2\/users\/5"}],"replies":[{"embeddable":true,"href":"https:\/\/photoclub-sg35.fr\/index.php?rest_route=%2Fwp%2Fv2%2Fcomments&post=3452"}],"version-history":[{"count":14,"href":"https:\/\/photoclub-sg35.fr\/index.php?rest_route=\/wp\/v2\/pages\/3452\/revisions"}],"predecessor-version":[{"id":6430,"href":"https:\/\/photoclub-sg35.fr\/index.php?rest_route=\/wp\/v2\/pages\/3452\/revisions\/6430"}],"wp:attachment":[{"href":"https:\/\/photoclub-sg35.fr\/index.php?rest_route=%2Fwp%2Fv2%2Fmedia&parent=3452"}],"curies":[{"name":"wp","href":"https:\/\/api.w.org\/{rel}","templated":true}]}}

Le mot du président

<div data-elementor-type="wp-post" data-elementor-id="3452" class="elementor elementor-3452">
						<section class="elementor-section elementor-top-section elementor-element elementor-element-5668be5 elementor-section-boxed elementor-section-height-default elementor-section-height-default" data-id="5668be5" data-element_type="section" data-e-type="section">
						<div class="elementor-container elementor-column-gap-default">
					<div class="elementor-column elementor-col-100 elementor-top-column elementor-element elementor-element-1836b9e" data-id="1836b9e" data-element_type="column" data-e-type="column">
			<div class="elementor-widget-wrap elementor-element-populated">
						<div class="elementor-element elementor-element-c89d696 elementor-widget elementor-widget-text-editor" data-id="c89d696" data-element_type="widget" data-e-type="widget" data-widget_type="text-editor.default">
				<div class="elementor-widget-container">
									<p><span style="color: #000000;">L’idée de créer un Photo-Club sur les bases de mon expérience de photographe et de mon expertise en formation, couvait depuis un certain temps.</span></p>
<p><span style="color: #000000;">La région de Saint-Gilles à l’ouest de Rennes en étant dépourvue, et grâce à un petit noyau de passionnés, l’affaire fut conclue !</span></p>
<p><span style="color: #000000;">Du novice à l’amateur éclairé la libre expression trouve sa place sous l’œil de chacun et nourrit la communauté de nouvelles photos.</span></p>
<p><span style="color: #000000;">Thèmes et exercices deviennent le support de la découverte de difficultés techniques ou d’expressions innovantes analysées lors de projections en réunion.</span></p>
<p><span style="color: #000000;">En même temps des cours théoriques et pratiques permettent de revisiter les fondamentaux de la photo et d’aborder le traitement de l’image.</span></p>
<p><span style="color: #000000;">Les sorties régulières permettent sur le terrain, de faire face aux réalités techniques et développer son sens de l’observation.</span></p>
<p><span style="color: #000000;">L’implication et le volontariat, permettent au Photo-Club, une réelle dynamique et une progression certaine, que je souhaite sans limite.</span></p>
<p><span style="color: #000000;">Michel Aubert</span></p><p><a href="https://www.michelaubert35.com/" target="_blank">www.michelaubert35.com</a></p>								</div>
				</div>
					</div>
		</div>
					</div>
		</section>
				</div>

<p>L’idée de créer un Photo-Club sur les bases de mon expérience de photographe et de mon expertise en formation, couvait depuis un certain temps. La région de Saint-Gilles à l’ouest de Rennes en étant dépourvue, et grâce à un petit noyau de passionnés, l’affaire fut conclue ! Du novice à l’amateur éclairé la libre expression&hellip;</p>

<!-- This site is optimized with the Yoast SEO plugin v27.5 - https://yoast.com/product/yoast-seo-wordpress/ -->
<title>Le mot du président - Photoclub-SG35</title>
<meta name="robots" content="index, follow, max-snippet:-1, max-image-preview:large, max-video-preview:-1" />
<link rel="canonical" href="https://photoclub-saintgilles.fr/?page_id=3452" />
<meta property="og:locale" content="fr_FR" />
<meta property="og:type" content="article" />
<meta property="og:title" content="Le mot du président - Photoclub-SG35" />
<meta property="og:description" content="L’idée de créer un Photo-Club sur les bases de mon expérience de photographe et de mon expertise en formation, couvait depuis un certain temps. La région de Saint-Gilles à l’ouest de Rennes en étant dépourvue, et grâce à un petit noyau de passionnés, l’affaire fut conclue ! Du novice à l’amateur éclairé la libre expression&hellip;" />
<meta property="og:url" content="https://photoclub-saintgilles.fr/?page_id=3452" />
<meta property="og:site_name" content="Photoclub-SG35" />
<meta property="article:publisher" content="https://www.facebook.com/photoclubsaintgilles" />
<meta property="article:modified_time" content="2026-01-28T16:25:34+00:00" />
<meta name="twitter:card" content="summary_large_image" />
<meta name="twitter:label1" content="Durée de lecture estimée" />
	<meta name="twitter:data1" content="1 minute" />
<script type="application/ld+json" class="yoast-schema-graph">{"@context":"https:\/\/schema.org","@graph":[{"@type":"WebPage","@id":"https:\/\/photoclub-saintgilles.fr\/?page_id=3452","url":"https:\/\/photoclub-saintgilles.fr\/?page_id=3452","name":"Le mot du président - Photoclub-SG35","isPartOf":{"@id":"https:\/\/photoclub-saintgilles.fr\/#website"},"datePublished":"2021-05-18T09:22:57+00:00","dateModified":"2026-01-28T16:25:34+00:00","breadcrumb":{"@id":"https:\/\/photoclub-saintgilles.fr\/?page_id=3452#breadcrumb"},"inLanguage":"fr-FR","potentialAction":[{"@type":"ReadAction","target":["https:\/\/photoclub-saintgilles.fr\/?page_id=3452"]}]},{"@type":"BreadcrumbList","@id":"https:\/\/photoclub-saintgilles.fr\/?page_id=3452#breadcrumb","itemListElement":[{"@type":"ListItem","position":1,"name":"Accueil","item":"https:\/\/photoclub-saintgilles.fr\/"},{"@type":"ListItem","position":2,"name":"Le mot du président"}]},{"@type":"WebSite","@id":"https:\/\/photoclub-saintgilles.fr\/#website","url":"https:\/\/photoclub-saintgilles.fr\/","name":"Photoclub-SG35","description":"Photo club Saint-Gilles - (Rennes)","publisher":{"@id":"https:\/\/photoclub-saintgilles.fr\/#organization"},"potentialAction":[{"@type":"SearchAction","target":{"@type":"EntryPoint","urlTemplate":"https:\/\/photoclub-saintgilles.fr\/?s={search_term_string}"},"query-input":{"@type":"PropertyValueSpecification","valueRequired":true,"valueName":"search_term_string"}}],"inLanguage":"fr-FR"},{"@type":"Organization","@id":"https:\/\/photoclub-saintgilles.fr\/#organization","name":"PhotoClub Saint-Gilles","url":"https:\/\/photoclub-saintgilles.fr\/","logo":{"@type":"ImageObject","inLanguage":"fr-FR","@id":"https:\/\/photoclub-saintgilles.fr\/#\/schema\/logo\/image\/","url":"https:\/\/photoclub-sg35.fr\/wp-content\/uploads\/2021\/05\/logo-300x109-1.jpg","contentUrl":"https:\/\/photoclub-sg35.fr\/wp-content\/uploads\/2021\/05\/logo-300x109-1.jpg","width":300,"height":86,"caption":"PhotoClub Saint-Gilles"},"image":{"@id":"https:\/\/photoclub-saintgilles.fr\/#\/schema\/logo\/image\/"},"sameAs":["https:\/\/www.facebook.com\/photoclubsaintgilles","https:\/\/www.instagram.com\/photoclubsaintgilles\/"]}]}</script>
<!-- / Yoast SEO plugin. -->

Le mot du président - Photoclub-SG35

L’idée de créer un Photo-Club sur les bases de mon expérience de photographe et de mon expertise en formation, couvait depuis un certain temps. La région de Saint-Gilles à l’ouest de Rennes en étant dépourvue, et grâce à un petit noyau de passionnés, l’affaire fut conclue ! Du novice à l’amateur éclairé la libre expression&hellip;
